3 + 0 + 7/60*i**5 + 3*i**2 + 0*i. Give g(-6).
-1
Let x(c) be the second derivative of -c**3/2 + 2*c. Let z = 11 - 5. Suppose o + q = -3*o + z, o + 5*q - 11 = 0. Determine x(o).
-3
Let h(p) be the first derivative of p**3/3 - 4*p**2 + 5*p + 11. Give h(6).
-7
Let k(j) be the first derivative of -j**2 - j - 9. Calculate k(-4).
7
Let t(m) be the second derivative of m**4/12 + 5*m**3/6 - 3*m**2/2 - 46*m. Calculate t(-5).
-3
Let r(f) = -1. Let t(q) = 0*q - 3*q + 2*q + 0 - 2. Let w(s) = -2*r(s) - t(s). Calculate w(-5).
-1
Let k be (36/10)/((-2)/5). Let l(t) = -2*t - 11. Determine l(k).
7
Suppose -190 = 3*s - 5*s. Let g(t) = -s*t**2 + 90*t**2 + 4*t + 2*t**3 - 3*t**3 - 6. Determine g(-6).
6
Let o be -1*(-4 + 1 - -4). Let q be o - (-4)/(-3 + 5). Let i(j) be the third derivative of j**6/40 + j**4/12 - j**3/6 + 2*j**2. Determine i(q).
4
Let s be (-1)/4 + (-55)/4. Let a be (-3 + 1)*s/4. Suppose 0 = -3*u - 5 - a. Let r(g) = -g**3 - 5*g**2 - 6*g. Determine r(u).
8
Let b(f) be the third derivative of f**5/60 - f**4/6 - f**3/3 - 5*f**2. Give b(6).
10
Let c = -15 - -11. Let b(a) be the first derivative of -a**2/2 - a + 75. Calculate b(c).
3
Let h(r) = 3 - 5*r**2 + r**3 + 1 + 3*r + 0*r**3 - 5*r. What is h(5)?
-6
Let a(f) be the third derivative of -f**6/120 - f**5/10 + 4*f**3/3 - 11*f**2. Calculate a(-6).
8
Let b(h) = -h**2 + 5*h + 4. Suppose 0 = -6*z + 1 + 29. Calculate b(z).
4
Let i(y) = y**2 - 9*y. Let q(g) = 2*g**2 - 19*g. Let h(f) = 13*i(f) - 6*q(f). Suppose -5*x + 2 = -13. Suppose -x*b = -9 + 3. What is h(b)?
-2
Suppose -3*u - 26 = 3*c - 2, -u - 20 = 5*c. Let x = c + 2. Let l(h) = 8*h. Let d(n) = -3*n. Let o(t) = -7*d(t) - 2*l(t). Determine o(x).
-5
Suppose 0 = -0*c + 4*c + 8. Let z be (-2 - 1) + 3 - -6. Let x(y) = 0 - 1 + y - z*y. Calculate x(c).
9
Let g(l) = l**2 - l. Let s(h) = -h + 17. Let j be s(16). What is g(j)?
0
Let z(m) = m + 1. Let t(h) = -h**2 - 12*h + 15. Let i be t(-12). Suppose -5*d - 3*y = -y - 3, -3*y + i = -3*d. What is z(d)?
0
Suppose -3*f + 6 + 15 = 0. Suppose -5*j + f*j + 8 = 0. Let r(s) = 2*s + 5. Calculate r(j).
-3
Let t(o) = -220 - 2*o + o**3 + 223 - 4*o**2 + 0*o. Determine t(3).
-12
Let m = -58 + 55. Let a(s) = s**2 + 2*s + 4. What is a(m)?
7
Suppose x - b + 1 - 4 = 0, 4*x - 3*b = 9. Let o be 0/(x/2 - -2). Let z(c) = -c - 5. Give z(o).
-5
Let i be (-5 + -1)/(-2) - -2. Let w(d) = -d**3 + 4*d**2 + 7. Determine w(i).
-18
Let q(b) = -3*b**2 - 21*b - 32. Suppose u + 7 = -2*f, 4*u - 3*f + 3 + 3 = 0. Let s(p) = -p**2 - 7*p - 11. Let v(d) = u*q(d) + 8*s(d). Calculate v(-6).
2
Suppose 0*c + 5*c - 520 = 0. Let p be (-1)/3 + c/24. Let f(x) = -3*x - 2. What is f(p)?
-14
Let j be (-7 + -1)*(-18)/(-24). Let g(d) = 2*d + 7. Give g(j).
-5
Let y(a) = -3*a**2 - 2*a - 1. Let i(m) = -2*m**2 - 3*m. Let d(o) = -4*i(o) + 3*y(o). Determine d(4).
5
Let g be ((-15)/10)/((-3)/8). Let o(j) = -2*j + 6. What is o(g)?
-2
Let u(a) = -a**2 + 5*a - 1. Let r be ((-3)/(-6) + -1)*76. Let s be r/(-8) - (-3)/12. Calculate u(s).
-1
Let a(g) = -g**3 + g + 9. Let i be a(0). Suppose u - 3*u + m - i = 0, -4*u + m - 13 = 0. Let h(n) be the second derivative of -n**3/2 - n**2 + n. Give h(u).
4
Let w(p) be the second derivative of p**8/6720 - p**7/504 + p**6/240 + p**5/120 - p**4/4 - p. Let d(q) be the third derivative of w(q). What is d(4)?
-3
Let q = -1 + -3. Suppose -2*c = c - 6. Let t(s) = -1 - s - c*s + 2*s. Give t(q).
3
Let r(p) = p**3 + 4*p**2 + 4. Let g be -2*(-2)/3*-3. Calculate r(g).
4
Let k = 5 - -1. Let l = k - 9. Let o(n) = 3*n + 66*n**2 - 134*n**2 + 67*n**2 - 6*n. Determine o(l).
0
Let d be (-14)/(-6) + 2/3. Let g(u) = d + 0*u + 4*u - 7 - u. What is g(5)?
11
Let g(j) = -j - 4*j**2 + 5 + 4*j**3 - 3*j**3 - 8*j - j**2. What is g(6)?
-13
Let n(m) = m**3 + 4*m**2 + 2. Suppose -3*t = 2*a + 11, -5*a - 2 - 3 = 0. Give n(t).
11
Suppose 7*c - p = 4*c + 82, 4*c - 3*p - 106 = 0. Let v(w) = 7*w - w**2 - 35 - w + c. Determine v(5).
-2
Suppose -n + 0 = -1. Suppose l - 4*t = -3*t + n, l - 5*t = 13. Let y(v) = -2*v**3 - 3*v**2 + v + 2. Give y(l).
4
Let t(r) = -r**3 - 6*r**2 - r - 4. Let v be t(-6). Let q(d) = -3 + 0*d - d + v. Give q(-2).
1
Suppose -9*m = -15 + 78. Let q(l) = -l**2 - 8*l - 5. Give q(m).
2
Let j(s) = -s**3 - 4*s**2 - 6*s + 3*s**3 - s**3 - 2*s**2 - 6. Determine j(7).
1
Let m = 1 - 7. Let b(i) = i - 1. Calculate b(m).
-7
Let k(j) be the second derivative of 2*j**3/3 - 5*j**2/2 - j. Calculate k(4).
11
Suppose -36 = -5*t + 4*t. Suppose 0 = 3*o + 3*z + t, 3 = -5*o + 5*z - 7. Let k = o - -3. Let f(b) = -b**3 - 5*b**2 - 5*b - 6. What is f(k)?
-2
Let u(v) = 7*v**3 + 5*v**2 + v + 2. Let b(n) = -3*n**3 - 2*n**2 - 1. Let a(r) = 5*b(r) + 2*u(r). Let o = -3 - 3. Let i be o/15 + 24/10. Calculate a(i).
-5
Let x(q) be the first derivative of -1/2*q**2 + 1/3*q**3 + 0*q - 2. Calculate x(0).
0
Let u(g) = -2*g**2 - 2*g + 1. Suppose 0 = 2*b + j + 54, 3*j + 34 = -b + 7. Let x be b/(-5) - (-3)/5. Suppose -2*f - x = f. Determine u(f).
-3
Let w(q) be the second derivative of -q + 1/60*q**5 + 1/6*q**4 + 0*q**3 + 0*q**2 + 1/240*q**6 + 0. Let h(x) be the third derivative of w(x). Determine h(-2).
-4
Let n(f) = 3*f - 3. Let l(y) = 5*y + 20. Let v be l(-6). Let z be ((-12)/v)/(8/20). Give n(z).
6
Let s(o) be the first derivative of 2*o**2 - o - 53. Let n be 46/14 - 4/14. Calculate s(n).
11
Let k be 6/(-8)*2*-2. Let t(d) be the third derivative of 1/24*d**4 + 0*d + 0*d**3 + 0 - 1/60*d**5 + 6*d**2. Give t(k).
-6
Let y(h) = 5*h + 2 - 2 - 1. Suppose -10*x + 13*x = 3. Calculate y(x).
4
Let d(n) = 3 + 2*n - n - 3*n - n**2. Let u be d(-3). Let k(i) be the third derivative of -i**5/60 - i**4/24 - i**3/3 - 6*i**2. Determine k(u).
-2
Let m(b) be the first derivative of -b**5/120 + b**4/12 + b**3/3 - 2. Let c(n) be the third derivative of m(n). Suppose -v = -6*v + 15. Calculate c(v).
-1
Let k(t) = -t**3 - 4*t**2 - t. Suppose -2*d - 51 = -0*u + 5*u, -u - 4*d = 3. Let m = u - -8. Determine k(m).
-6
Let h = 4 - 2. Suppose h*p + 3*p = 5*d + 10, 0 = -p + 4. Let w(f) = 5 + 6 - 4 + d*f. Give w(-5).
-3
Let u(a) = 2*a**3 + 2*a**2 + 2*a - 10. Let o(n) = -n**3 - n**2 - n. Let d(q) = 3*o(q) + u(q). Determine d(0).
-10
Let s(r) = -5*r + 5. Let q(p) = 4*p - 4. Let g(o) = -6*q(o) - 5*s(o). Let d(i) = -i**2 + i + 3. Let b be d(3). Give g(b).
-4
Suppose 3 - 13 = 2*z. Let q = 3 - -1. Let g(h) = -7 - 7*h + 0*h**2 - 5*h**2 + q*h**2. What is g(z)?
3
Let g(m) = m + 1. Let y = 74 + -66. What is g(y)?
9
Let y(p) be the first derivative of -p**5/120 + p**4/24 + p**3 - 1. Let n(t) be the third derivative of y(t). What is n(2)?
-1
Let v(x) = 2*x**3 + x - 1. Let f be v(1). Suppose 0 = -2*m - 3*m + 10. Suppose m = f*z + 8. Let s(u) = u**2 + 3*u + 1. Calculate s(z).
1
Let l(j) = 5*j + j - 5*j + 5. Suppose k = -m - 0*m - 6, 0 = -3*m - 4*k - 19. What is l(m)?
0
Let n(i) = -i**3 - 5*i**2 + 6. Let l be -4 - -1 - (-8)/(-4). What is n(l)?
6
Let v(r) = 2*r**3 - r - 1. Let t = -17 - -19. Determine v(t).
13
Let d(u) = u**3 - u**2 - u. Let k be (14/4 - 3)*-6. Let v = k - -4. What is d(v)?
-1
Let l(i) = -11*i**3 - 7*i**2 + 7*i - 8. Let w(g) = 5*g**3 + 3*g**2 - 3*g + 4. Let d(b) = -4*l(b) - 9*w(b). Calculate d(0).
-4
Let k be ((-1)/(-1))/(-1) - -1. Let q be (-4)/8 - (-39)/6. Let r(f) = -3*f + q*f + k - 1. Calculate r(-2).
-7
Let n(z) = -z**2 + 13*z - 30. Let v be n(9). Let r(o) = -o**3 + 6*o**2 - 5*o + 4. Determine r(v).
-26
Let m(y) be the second derivative of y**5/20 - y**2 - 4*y. Let l(t) be the first derivative of m(t). What is l(-1)?
3
Let n(k) = -k**3 - 10*k**2 - 10*k - 7. Let o be n(-9). Suppose 2*c - 3 = -3*u - c, 5*u - 26 = o*c. Let m(g) = -g**2 + 5*g. What is m(u)?
4
Let z(j) = -j**2 - 5*j - 5. Let r be (1 - -4)/(4 - (1 - -4)). What is z(r)?
-5
Let y(c) = c**3 + 7*c**2 + 6*c + 3. Let x be y(-6). Let i(h) = 3*h**2 - 4*h + 4*h**2 - 3 - 6*h**2 + 2*h. Give i(x).
0
Let t be (-6)/9 + (-16)/(-6). Suppose 0 = -3*r - r + 28. Let h(a) = 0*a - t*a + r + a. Determine h(4).
3
Let x(b) = b**2 - 7*b + 5. Let z = 2 + -2. Suppose r = -3 + 7. Suppose g - 5 = -4*y + 19, -r*g + 16 = z. What is x(y)?
-5
Let a(h) = -h**2 - 5*h + 5. Let w be a(-6). Let b be 4 + w + (-90)/18. Let r(z) = 3*z**2 + 2*z. Determine r(b).
8
Let q(t) = 3*t + 1. Suppose -4 = -2*h - 12, 0 = -5*n - 4*h - 1. Suppose 2*r + n*r = -15. Give q(r).
-8
Let w(l) = -l + 3. Let f(m) = -m**3 